+ 1234 + 1 + 1 + -13.
4
Evaluate -1 + 6 - ((9 - 13) + 36 - 9).
-18
-14 + -1 - ((26 - 16) + 17 + -34)
-8
Evaluate 41 + -4 + (-9 - 10 - -50).
68
What is the value of -67 - (-30 - -7 - (-3 + (-29 - 3)))?
-79
What is (2 + 5 - (-78 + 61) - 42) + 146?
128
What is -418 + 449 + (3 - (5 - 1)) + 4?
34
(-10 - -2) + (-43 - -6 - -44) + -14 + 33
18
What is the value of (37 + -27 - (2 + 17)) + (16 - -4)?
11
What is (-5 + 4 + 51 - -2) + -236 + 224?
40
(-4 - 0) + -15 + 62 + -63
-20
31 - (-51 - -18) - (-17 - 13)
94
What is the value of 0 + 14 - (5 + (-5 - (15 - 31)))?
-2
Calculate (-55 - -56) + 5 + 59 + -16.
49
What is the value of -4 - (-14 + (-11 - -49)) - (-50 - -64)?
-42
What is -1 - (-32 + 6 + -11 + 7) - 8?
21
-37 + (-62 + 10 - -116)
27
What is -1 + 3 + (-5 - 0) + (-14 - (-66 - 15))?
64
Calculate -201 + 196 - ((-2 - (-1 - 4)) + -3) - 8.
-13
Calculate 13 + (-4 - -3) + (3 - 36 - -46).
25
What is the value of -25 - -21 - -18 - -16 - 12?
18
What is the value of (21 + 63 - 87) + 93?
90
Calculate -28 + 73 + -18 + -69.
-42
What is the value of (-4 + 7 - 7) + (-66 - -153) + -75?
8
7 + -75 + 2 + 4 - (-10 + 17)
-69
Calculate 2 + (1 + 0 + (3 - 13) - (-1 + -55)).
49
Calculate -30 + (4 - 17 - (-8 - 1)) + 15.
-19
What is -66 + -10 + (-18 - -26) + 18?
-50
Evaluate -1 + 2 + -29 + 20 + 25 + -25.
-8
Evaluate (50 - (67 - 36)) + 20 + 1.
40
What is the value of 3 + -1 - (0 + -23 - (8 - -139 - 67))?
105
-59 - ((-15 - -2) + (-1 + -1 - (-34 + 27)))
-51
Calculate (14 - 20 - -87) + 1.
82
69 + -58 + -5 + 13 + -14
5
Calculate (1863 - 1893) + -1 + (-2 - 72).
-105
What is (-99 - -2) + (-21 - -18) - (24 + -40 + 15)?
-99
Evaluate (1 - 63) + (9 - (12 + (-21 - -11) + 19)).
-74
What is the value of 64 + -41 + -12 + 0 - (107 - 2)?
-94
Evaluate 1 - 6 - (233 - (-156 - -376)).
-18
-28 + (-2 - (-16 - -19)) + 4
-29
Evaluate (1 - (6 + 1)) + (12 - (-14 + (6 - 16))).
30
Evaluate (-12 + 3 - -29) + -38.
-18
What is the value of -1219 + 1210 - (0 + -3 - 6)?
0
What is 84 - (11 - (-31 + 16 - 3))?
55
Evaluate 50 + (-76 - -87 - (5 + 1)) + 14.
69
36 + 23 - 32 - -14
41
What is the value of (24 - 22 - 5) + -50?
-53
Evaluate 52 - (-56 + -12) - 73.
47
-9 - (-302 + 325 - (5 - 2))
-29
What is (-3 - 2 - 10) + 5 - -123?
113
Evaluate 39 - 86 - (-196 + 240).
-91
54 + 6 + 1 + 468 + -482
47
What is 6 + (-337 - -78) + 147?
-106
What is (22 + 10 - 58 - -22) + (-2 - -1)?
-5
6 + (-24 - (11 - (-12 - -33) - 2))
-6
Calculate -8 + (34 - -10) - 1 - (4 + 5 + 0).
26
What is (1 - ((1 - 80) + 2)) + -23?
55
What is the value of 1 + 41 - (38 + -98 + 44)?
58
Calculate (-1 - (-3 - -2) - 4) + -1970 + 1957.
-17
123 + 0 + 162 + -273
12
What is 6 + 40 + -48 - (-5 - 45)?
48
Calculate (-275 - -261) + (26 - -1).
13
Calculate -30 + 76 + -25 + 33 + -5 + 2.
51
What is 17 - ((-6 - -4) + 12) - (-71 - (8 + -14))?
72
What is -4 + 0 + -2 - ((67 + -18 - 84) + 5)?
24
Calculate 11 + (-6 - (-7 - 17)) + 8.
37
What is 23 - (-21 + (-19 - -31) - 24)?
56
What is the value of -54 - (-5 + 17 - (-3 - (9 + -15) - -18))?
-45
Calculate (41 - -41) + -14 + (-18 - -10).
60
-1 - ((6 - (11 - -9) - -6) + 24 + -9)
-8
Calculate (-17 - -36 - (26 + -17)) + -2 + 7.
15
Evaluate 893 + -910 - (34 + 2).
-53
What is the value of -1 - 15 - (-80 + 37 + 21)?
6
11 + -45 + -1 - -59
24
-17 - (-62 - -94 - 31)
-18
What is (3 - 9 - (-9 + 6 + -43)) + -15?
25
What is the value of 82 + (0 - 2 - -2 - (-31 + (-129 - -165)))?
77
Calculate (-8 - (-28 + 11)) + -9 + -2 + (2 - 18).
-18
37 - -17 - ((8 - (-9 + 17)) + -10)
64
-42 + 42 + (3 + -8 - -21) - 14
2
What is -32 + -2 + (327 - 248) + 0?
45
What is the value of 225 + (-236 + 91 - -71)?
151
What is (145 - 76 - 32) + -6 + 7?
38
Evaluate (-2 + -1 - (-115 + 108)) + 45.
49
-1 - 19 - -1 - (40 - 13 - 12)
-34
Calculate 2 + 2 + 17 + -20 + 6.
7
What is 15 + (-9 - -2 - -7) + -33?
-18
What is (-1 - -7) + 13 + (-15 - (-3 + -8 + 4))?
11
What is the value of (1 - -17) + (-29 - -28 - -39 - -8)?
64
Calculate 2 - -8 - (26 + -49) - (-49 + 63).
19
6 - 11 - 12 - ((52 - 14) + -38)
-17
8 + -15 - (87 + -105)
11
Calculate 1 + -19 - (51 + 10 + -84 + 39).
-34
What is the value of 6 + 97 + 23 + -47 + 43?
122
What is 13 + (100 - (-9 - -39)) - (-14 + -3)?
100
What is 5 + 2 + 2 + (11 - 0 - 25)?
-5
What is the value of (-6 - (0 - 0)) + 5915 + -5947?
-38
Evaluate -31 + -3 - (-163 + (119 - -5)).
5
-3 + 13 - (8 - (-4 + -13 + 110 + -31))
64
Calculate (0 - 51 - -173) + -125.
-3
Evaluate (-22 + 20 - (-5 + -2 + -2)) + -10 + 77.
74
Calculate -253 - -456 - (112 + 19).
72
Evaluate 45 + 52 + -63 - (2 - (-4 - -1)).
29
What is 13 + (-17 - (8 + -2)) - 12?
-22
-831 + 387 + 441 + (1 - 1) + -1 + -4
-8
(6 - (10 + -9 + -7)) + -5 + 5 + -39
-27
Calculate -38 + 4 + 76 + -126 + 91.
7
Calculate -57 - (-9 - -2) - 4 - -11 - 0.
-43
What is the value of -19 + 31 + -2 + 1 + -6 - 0?
5
What is 190 + 151 + -323 - (-3 - (-3 + -95))?
-77
What is the value of (-48 - (6 - 6)) + 7 + 26 + -28?
-43
Calculate -17 - ((-2 - 8) + (-54 - -72) - -49).
-74
What is the value of 6 + (6 + -26 - ((-24 - -6) + 0))?
4
Evaluate 5 + -23 + (24 - 52 - -13 - (-9 - -1)).
-25
Evaluate (22 - (18 + (-11 - -17))) + -27.
-29
(69 - (1 - 0)) + 102 + -81 + -37
52
12 - (-26 - -48 - -3) - (0 + 0 + -11)
-2
What is the value of 37 + (33 - -8) + -86?
-8
Evaluate -2 - (-85 + 34 - -64).
-15
Calculate (-55 - (10 - 37)) + 17 + -46.
-57
Calculate 45 + -85 + 1 + 3 + (-4 + -1 - -15).
-26
-20 - -1 - (11 - 15) - -59
44
Calculate (-100 - -11) + 116 - -41.
68
What is -30 - (-80 + 15 + 39)?
-4
Calculate -188 + -16 - -181 - (-1 + 7 - 0).
-29
What is 0 + (15 - ((36 - 14) + 27))?
-34
What is (34 - (-1 + 2)) + -140 + 218 + -73?
38
Evaluate 22 + (-25 - -25) - (1 + -8).
29
Evaluate 652 - 699 - (-79 + 0).
32
What is 22 + -7 - (129 + -103) - 17?
-28
Evaluate (-31 + 55 + -10 - (0 - -12) - -3) + -3.
2
-167 + (-7 - -151) - (-2 - 138)
117
-26 + (-8 - -11 - 2 - (-5 + 7 + -12))
-15
Evaluate (-2 + -41 - -33) + -9 - (-13 - -1).
-7
Evaluate -3 + (5 + -15 - 19) - 44.
-76
-3 - (-8 + (2 - -32 - -2))
-31
What is the value of -20 + (-44 + 31 - (-2 - -4))?
-35
Calculate -1 - -6 - ((-100 - -66) + 30 + 10 + -1).
0
Calculate 34 + (-2 + 20 - (-183 - -182)).
53
Evaluate -32 - (52 + (-18 - 35)).
-31
Evaluate 32 - (26 - (5 + -22 + 0)).
-11
Evaluate -478 + 475 + -1 + 68 - (-7 - -5).
66
What is 30 - 32 - (-88 - -1) - (-53 + 55)?
83
Calculate -96 + -21 + 5 + (-32 - -69).
-75
What is (-12 - -2) + (121 - 51) + -51 + 41?
50
Evaluate -67 + 83 + (-2 - (-1 + 11 - (-4 + 4))).
4
What is the value of -9 + (74 - 28) + 23?
60
Evaluate 74 + 70 - (51 + 23).
70
What is (2 - 5) + -17 + (-299 - -313)?
-6
-1 - 78 - (17 - ((-27 - -35) + 10) - -7)
-85
-68 + (18 - 18) - (37 + -56)
-49
What is the value of 14 + (69 - (55 - 4))?
32
What is -61 + (-150 + 85 - -43)?
-83
What is 3 - ((-43 - -13 - -13) + 41)?
-21
What is (0 - -6 - 1) + 21 + -3 + (7 - -16)?
46
Evaluate 85 + (3 + -24 - (-28 + (-6 - -1))).
97
Evaluate -6 + -3 + (41 - (20 + (-23 - -26))).
9
Calculate (-3 - 0) + 5 - (160 + -148).
-10
What is the value of (-15 - (15 + (-30 - 3))) + 9?
12
1 + -29 + 85 + -46
11
What is 13 + -1 + -12 - (25 - -2) - (0 + 0)?
-27
(31 - 74) + -2 + 88
43
Evaluate 70 + (-180 - -43) + -8.
-75
What is the value of -2 + (30 + (-7 - -8) - 16) + -16?
-3
Evaluate 0 - 4 - (67 - (79 - 33)).
-25
What is the value of -32 + 49 + -30 + 21 + -32?
-24
222 + (-139 - -10) + -93
0
What is the value of (-36 - -34) + (-10 + 140 - 29)?
99
Evaluate -3 - -2 - -4 - (-15 + 21 - -20 - 6).
-17
2 - 44 - (7 - (24 + -15 + 5) - 3)
-32
(-74 - -65 - (-26 - (0 + -7))) + (-8 - -1)
3
What is -45 + 0 - (-3 + 10 + (-29 - -24))?
-47
-133 - (76 + 10 - 163)
-56
Calculate -7 - (12 + (-8 - -2) + -19).
6
Evaluate -93 + -34 + 116 + 0 + 1 + -66.
-76
Evaluate 13 + (-5 - -27) + -37 + (-4 - -26).
20
-477 + 465 + (109 - 0) + (-8 - (-8 - -7))
90
(-2 - -9) + -1 + (150 - (68 + 54))
34
What is 68 - (16 - (-54 - -62))?
60
What is (7 - -15) + 38 + -6 + -27?
27
Evaluate (-56 - -129) + -217 - -133.
-11
What is (-38 - -57) + (41 - 5) - (-1 + 12)?
44
35 + 3 + -15 - (-7 + -6 + 5)
31
-43 + (180 - -2 - (-1053 - -1094))
98
What is (-45302 - -45297) + -1 + (134 - 2)?
126
What is the value of 34 + 0 + (-7621 - -7600)?
13
-22 - ((7 - 10) + -19) - -19
19
Evaluate -77 - (-231 + 216 - (-1 - -15)).
-48
What is (-8 - -11) + (31 - -17)?
51
What is the value of -8 + 2 + (16 - (17 + -16 - -8)) + 59?